*r - 4*h - 74, r = -0*r + 4*h + 30. What is the highest common divisor of r and b?
2
Suppose 0 = -b + 5 + 17. What is the highest common factor of 88 and b?
22
Let r = -69 + 118. What is the greatest common factor of 343 and r?
49
Let k = -11 - -15. Suppose f - 4*r = 35, -2*r + k*r - 35 = -3*f. What is the greatest common factor of f and 30?
15
Let k be ((-20)/6)/((-1)/3). What is the highest common divisor of 40 and k?
10
Let u be ((-3)/4 - 3)*-8. What is the greatest common divisor of 12 and u?
6
Let z(n) = -n**3 - 11*n**2 - 17*n + 12. Let f be z(-9). Suppose -5*p + 3*p - f*t = -282, 453 = 3*p - 3*t. What is the greatest common factor of p and 21?
21
Suppose -a + 3 = 2*a, a + 15 = 4*j. Suppose 5*l + 154 = -4*n, 4*l = 3*l + 4*n - 50. Let o = l - -50. Calculate the greatest common factor of o and j.
4
Let f be (-4)/14 + (-64)/(-28). What is the highest common factor of f and 10?
2
Suppose -4*n + b - 35 = 8, 4*b + 20 = 0. Let l be (0 + 2 - 1)*n. Let g be (-1)/(1*3/l). Calculate the highest common factor of 36 and g.
4
Let v(d) = -11*d + 9. Let q be v(-2). Calculate the highest common factor of 124 and q.
31
Suppose -16 = w - 5*w. Suppose -c + 4*s - 14 = 0, -4*c + s - 17 = -2*s. Let h = c + w. What is the highest common factor of 18 and h?
2
Let z = 56 - 47. Calculate the greatest common factor of z and 45.
9
Let v = -242 + 424. What is the greatest common factor of 26 and v?
26
Suppose -5*f - 3*q + 200 = -2*q, 3*f + 3*q = 120. Calculate the greatest common factor of 16 and f.
8
Let k(m) = -m**3 + 6*m**2 + m + 1. Let l be k(6). What is the greatest common divisor of l and 1?
1
Let l(u) = -2*u**2 + u + 2. Let d be l(2). Let c = 8 - 3. Let j = d + c. Calculate the greatest common factor of 7 and j.
1
Let l(k) = -k**2 + 2*k + 1. Let f be l(-3). Let a be (2 - 3)*(f + 3). Suppose a + 25 = 3*t. Calculate the greatest common divisor of t and 12.
12
Suppose 445 + 17 = 6*j. Calculate the greatest common divisor of 7 and j.
7
Let p = -3 + 8. Suppose 5 = p*j - 5. What is the greatest common divisor of 14 and j?
2
Suppose 7 + 15 = 4*c - 2*g, -c - 4*g = -1. Let x = 8 + c. Suppose -x = 5*l - 63. Calculate the highest common divisor of 15 and l.
5
Suppose 5*m + l = -2*l + 412, 3*m + 2*l = 248. Suppose -m = 3*r - 5*r. What is the highest common divisor of r and 20?
20
Let x be 4/(-12)*(-12)/1. Suppose -x*v = -v - 21. Calculate the highest common divisor of v and 21.
7
Suppose 47 = 9*b - 349. What is the greatest common factor of b and 33?
11
Suppose u - 20 = -4*u. Suppose -4*h + 1 + 19 = 4*j, -26 = -u*j - 2*h. What is the greatest common divisor of j and 2?
2
Let u = -58 + 122. Calculate the highest common divisor of 8 and u.
8
Let k = -14 - -20. Suppose -60 = 6*i - 11*i. What is the greatest common factor of i and k?
6
Suppose 0 = -3*o - 2*t + 5 - 1, -4*t + 6 = 5*o. Suppose -13 = -k + 3. Calculate the greatest common divisor of k and o.
2
Suppose 3*y - 3 = -3*f, 2*y + 0*y = f - 10. Calculate the highest common factor of 28 and f.
4
Let t be (-4)/14 + 46/14. Suppose t*y - 6 = -5*g + 16, 10 = y - g. What is the greatest common factor of 36 and y?
9
Let f(q) = q**3 - 6*q**2 + 2*q. Let k be f(5). Let a be (175/k)/((-1)/3). What is the greatest common factor of a and 5?
5
Suppose -4*w + 4*r - 16 = 0, 2*r + 2*r = w + 19. Let v = 0 + w. Suppose 35 + v = n. Calculate the greatest common divisor of n and 4.
4
Let f = -6 - -16. Let k(a) = -7*a - 1. Let x be k(-11). Let z = x - 51. Calculate the highest common factor of z and f.
5
Suppose -2*d = 5*g - 122, 0*g + 3*d = -3*g + 75. Suppose -4*h + 0*j + 101 = -j, 2*h = -j + 43. Let v = h + -16. What is the greatest common factor of g and v?
8
Suppose 0 = 2*i - 8 - 0. Suppose 3*r - 5*r = 0. Suppose r = 3*t + 13 - 4, -4*n - i*t + 180 = 0. Calculate the highest common factor of 6 and n.
6
Let o(k) be the third derivative of -k**5/60 - k**4/24 + 5*k**3 + 3*k**2. Let s be o(0). Calculate the highest common divisor of s and 20.
10
Suppose 4*l - 39 = j + 71, 3*l + 2*j - 77 = 0. Let q be (-10)/(-3) + 1/(-3). What is the highest common divisor of l and q?
3
Let w = -11 - -19. Calculate the highest common factor of 8 and w.
8
Let k = 13 - -17. Suppose 0 = 4*a + a - k. Suppose -4*j = z - 221, 5*j - 275 = z - 2*z. Calculate the greatest common divisor of a and j.
6
Let g = 5 + -3. Let a = 4 - g. Suppose 30 = t - 5*d, 0*t = 4*t - a*d - 30. What is the greatest common factor of t and 25?
5
Suppose -2*i = 2*i - 88. Calculate the greatest common factor of 44 and i.
22
Let z be (34 + 1)*(-4)/(-10). Suppose 0 = -3*f - 3*x + 10 - 37, 2*f + x = -14. Let v be f - -2 - -12 - 2. What is the greatest common divisor of z and v?
7
Let o(i) = -23*i**3 - 2*i + 1. Let a be o(1). Let u = a + 44. Calculate the greatest common divisor of u and 4.
4
Let r = 22 + -26. Let d = r - -27. Calculate the greatest common divisor of 161 and d.
23
Let y be (-3)/(3/(-44)) - 0. Suppose -4*g = 5*j - 76, 2*g - y = -0*g - 4*j. Suppose 0 = -0*r - 2*r + 56. What is the greatest common divisor of g and r?
14
Let b(h) = -h**3 - 2*h**2 + h + 2. Let p be b(-2). Suppose 20 = -p*g + 2*g. Let n = -158 + 183. Calculate the greatest common divisor of n and g.
5
Suppose 79 = -3*n - 2*u + 6*u, 3*n + 4*u = -119. Suppose -6*w + 32 = -4*w. Let x = w - n. Calculate the highest common divisor of 7 and x.
7
Let i = 60 + -10. Calculate the highest common factor of 10 and i.
10
Let x = -9 + 5. Let a be (7/3)/(x/(-12)). Calculate the highest common factor of 14 and a.
7
Let m be (-2)/4*(-16)/4. Suppose m*g = q + 19, 4*g - 28 = -g - 4*q. Calculate the greatest common factor of g and 40.
8
Suppose 122 = 2*u - 46. Calculate the greatest common factor of 28 and u.
28
Suppose 0 = 5*g - 71 + 21. Suppose 2*k = k + g. What is the highest common factor of 20 and k?
10
Let m(p) = -25*p - 1. Let u be m(-4). What is the highest common divisor of 9 and u?
9
Suppose -56*f = -55*f - 14. What is the greatest common factor of f and 42?
14
Suppose 3*c + 2*c = -260. Let j be (c/12 + 1)*-12. Let z be 4/6 - (-58)/3. Calculate the highest common divisor of z and j.
20
Suppose -5*y + 1 = -4. Calculate the greatest common divisor of 5 and y.
1
Let i(h) = 3*h + 8. Let l be i(9). Let c be 515/l - 6/(-21). Calculate the highest common divisor of 75 and c.
15
Let y = 38 - 25. What is the highest common divisor of 52 and y?
13
Let p(d) be the second derivative of -d**4/12 - 7*d**3/6 + d**2/2 - 3*d. Let l be p(-7). Let y be 4/2 - -1 - 0. What is the greatest common divisor of l and y?
1
Suppose 0 = -4*p + p + 486. What is the greatest common factor of p and 18?
18
Let i(q) = q**3 + 7*q**2 + 2. Let x be i(-7). What is the greatest common factor of x and 2?
2
Let i be (118 - (-6)/3) + -2. Suppose 0 = 5*j - 10, -4*j + i = -2*v + 7*v. Calculate the highest common factor of 2 and v.
2
Suppose -10*w + 5*w + 30 = 0. Suppose 0 = 4*m - 3*v - 39, -5*m + v = -3*v - 48. What is the greatest common divisor of m and w?
6
Let l(p) = p**3 - p**2. Let v be l(0). Suppose v = 4*u + u - 10. Suppose -10 = -3*b - u*b. What is the greatest common factor of 12 and b?
2
Let w(a) = -a**2 - 8*a + 5. Let r be w(-5). Calculate the greatest common factor of 8 and r.
4
Suppose 0 = f + 4*l - 14, 3*f + 23 = -2*l + 3*l. Let o(y) = y**3 + 5*y**2 - 5*y + 8. Let a be o(f). What is the highest common divisor of 4 and a?
2
Let h(o) be the first derivative of -o**4/4 + 3*o**3 - 7*o - 4. Let f be h(7). What is the greatest common factor of 13 and f?
13
Suppose 4*a - 26 = -5*p + 9, -7 = -4*p + a. Calculate the highest common divisor of p and 2.
1
Let b = -23 - -26. Suppose b = -z + 48. Calculate the highest common divisor of z and 18.
9
Suppose -2*y + y + 4*n = -24, -n = 2*y - 3. Suppose -y*c + 51 = -c. What is the greatest common divisor of 17 and c?
17
Let h = 5 - 4. Let w(k) = 9*k**2 - 2*k + 1. Let m be w(h). Calculate the highest common divisor of 4 and m.
4
Let s = -168 + 179. Calculate the greatest common factor of s and 55.
11
Let u(l) be the third derivative of 0 + 0*l + 5/24*l**4 + 1/3*l**3 + l**2. Let a be u(2). Calculate the highest common divisor of 4 and a.
4
Let m = -59 + 139. Suppose m = t - 168. Suppose -4*b + t = 2*q, -4*b + 2*q + 141 = -123. Calculate the highest common divisor of 16 and b.
16
Let h be 5*(-1 + (1 - -1)). Suppose 4*c + 3*q = 